1 = -7*w - 2. Let d(y) = -7*y - 39. What is the units digit of d(w)?
4
Let v(r) = -2*r - 5. Let t(o) = -o**2 - 2. Let k be t(-2). Let d be v(k). Suppose 5*b - d*b = -54. What is the tens digit of b?
2
Let k(t) = 2*t**2 + 23*t - 113. What is the tens digit of k(10)?
1
Let x(d) = -245*d**3 + 2*d**2 - 12*d - 25. What is the hundreds digit of x(-2)?
9
Let q = -16 - -45. What is the units digit of q?
9
What is the units digit of ((-27153)/(-33) - 3) + 24/132?
0
Suppose -4*u = 5*n - 924, n = u + 4*n - 238. Suppose 14*f - u - 684 = 0. What is the units digit of f?
5
Let q(o) = 23*o**2 - o + 23. What is the hundreds digit of q(-6)?
8
Let g = 1218 - 906. What is the tens digit of g?
1
Let r(t) = -t**3 - 3*t**2 + 6*t + 12. What is the units digit of r(-7)?
6
Let b(h) = -3*h**3 - 4*h**2 - h + 2. Let s be b(-2). Suppose 2*a + s = 36. Suppose 3*j + 20 - 92 = -2*w, 4*w - a = 0. What is the units digit of j?
2
Let v = 103 + -7. Suppose -4*d - 134 = -2*c + v, d = -3*c + 331. What is the hundreds digit of c?
1
Suppose -30*b + 29806 = -16*b. What is the hundreds digit of b?
1
Let k(v) = v**3 + 5*v**2 - 8*v - 13. Let p be k(-6). What is the units digit of (3/12)/(p/(-12)) - -58?
1
Suppose -21 = -10*a + 59. Suppose -1645 = -15*y + a*y. What is the tens digit of y?
3
Suppose 179 - 13 = 4*r + 2*u, -5*r - 4*u = -206. Suppose r*t - 416 = 38*t. What is the tens digit of t?
0
Suppose -1819 - 425 = -3*g. What is the tens digit of g?
4
Let h = 53 - 29. Let b be 180/h*(-8)/(-6). Suppose -d + b = d + 4*j, -4*d = 4*j - 20. What is the units digit of d?
5
Suppose -880 = -4*t - 4*j - 272, 2*t + 3*j = 301. Suppose -3*l + 110 = -l. Suppose 0 = 2*r - t + l. What is the units digit of r?
0
Let a(q) = -q**2 + 9*q - 12. Let v be a(7). Suppose 6 = -0*y + v*y. Suppose -115 = -2*m - y. What is the tens digit of m?
5
Let z be (432/15)/(2/50). Suppose -6*f = -f - z. Suppose -f = -4*w - 0*w. What is the tens digit of w?
3
Suppose -3*s + 489 = 2*f, -3*s - 4*f + 375 = -108. Let m = s + -58. Let q = m - 75. What is the tens digit of q?
3
Suppose 21*t = 6*t + 13575. What is the tens digit of t?
0
Suppose 32 = 3*i + 2*o, 0*i + 2*o = -4*i + 42. What is the units digit of i?
0
Let n = -79 + -77. Let s = 267 + n. What is the tens digit of s?
1
Let y(b) = -12*b - 36. Let d(r) be the first derivative of -21*r**2 - 126*r - 8. Let j(h) = 5*d(h) - 18*y(h). What is the units digit of j(8)?
6
Let x be (-6)/(-9) - (-110)/(-30). What is the tens digit of 167 - x/(9/24*-2)?
6
Let n be ((-87)/(-12) - 1)/(4/272). Suppose 3*k - 255 = -4*w, -5*k - 3*w + 0*w = -n. What is the tens digit of k?
8
Let r = 190 - -354. What is the units digit of r?
4
Let h be 21/(-14)*8/(-3). Suppose -3*s - 56 = 4*m - 188, 3*m = -h*s + 99. Let i = m + -14. What is the units digit of i?
9
Let k(v) = 3*v + 11. Let f be k(-5). Let r(c) be the first derivative of c**3/3 + c**2/2 - 2*c + 2. What is the units digit of r(f)?
0
Suppose -3*d = 5*o + 7 + 14, 0 = -2*d + 6. Suppose 0 = 2*m + j - 17, -2*m + 6*j = 4*j - 14. Let k = m + o. What is the units digit of k?
2
Let s = 739 + -120. What is the tens digit of s?
1
What is the hundreds digit of (4 - 2)*1555/5?
6
Let b(f) be the third derivative of -f**4/8 + 16*f**3/3 + 3*f**2. What is the units digit of b(-11)?
5
Let d = -21 + 3. Let b be 7 + (2 + -1 - -1). What is the units digit of b/(-6)*12/d?
1
Suppose -2*r - 6 = 0, -61*r = 4*y - 60*r - 1981. What is the tens digit of y?
9
Let h be 8/(-10)*(-25)/10. Suppose h*g + 8 = 3*g. What is the units digit of -24*g/36*-6?
2
Let a(j) = -209*j**3 - 4*j**2 - 13*j - 2. What is the units digit of a(-2)?
0
Suppose k - 4*p = 1169, 6*p = 3*k + 9*p - 3567. What is the hundreds digit of k?
1
Let f = 99 - 57. What is the units digit of (-10*(-4)/16)/(3/f)?
5
Let j(y) = 2*y**2 - 15*y. Suppose 6*m - 120 = -4*m. What is the units digit of j(m)?
8
What is the thousands digit of 3 + (4/(-12))/((-12)/40212)?
1
Suppose -30 = i - 2*i. Suppose 13 + i = q. What is the tens digit of q?
4
Let i be (-10)/4*(-8)/10. Suppose i*w = 4*w - 26. Let b(p) = p - 3. What is the units digit of b(w)?
0
Let h be (-27)/(-6)*(-4)/(-6). Suppose 0 = -q - 2*c + 35, -6*q - h*c = -q - 210. What is the units digit of q?
5
Let d be -1 - (9/(-3) - -2). Suppose 4*c - 527 + 211 = d. What is the tens digit of c?
7
Suppose 0 = 3*d - d - 2. Let t be d - -2 - (8 + -8). What is the units digit of (16/12)/(2/t)?
2
Suppose -1850 = -2*k + 4*f, -3*k - 2780 = -6*k + 5*f. What is the hundreds digit of k?
9
Suppose 5 = -2*v - 3, -4*v = -2*p + 3566. What is the thousands digit of p?
1
Let p be 81/6 - 6/(-4). Suppose 0 = -5*t - y + 69 + 10, t - p = -y. What is the tens digit of t?
1
Suppose a - 6*a = -185. Suppose -28*l - 216 = -a*l. What is the units digit of l?
4
Let n = 46 - 26. Suppose 1060 + n = 6*b. What is the units digit of b?
0
Let u(z) = 763*z**2 + 9*z - 4. What is the hundreds digit of u(1)?
7
What is the hundreds digit of (-9 - (-7 - 6))/(2/284)?
5
Suppose -5*m + 113 = -3*i - 1765, 2*i = -4*m + 1498. What is the tens digit of m?
7
Let c(h) = 133*h**2 + 12*h + 13. What is the tens digit of c(-3)?
7
Let l(z) = z**3 + 7*z**2 - z - 6. Suppose -2*b + 3*i - 7 = -0*i, 4*i - 6 = 2*b. What is the units digit of l(b)?
9
Suppose 5181 = 34*g - g. What is the units digit of g?
7
Let p be 24/14 - (-8)/28. Suppose p*w + w = -24. What is the units digit of -2*(w + (3 - 2))?
4
What is the units digit of ((-9060)/(-80))/(2/16)?
6
Let g(x) = -2*x + 1 - 3*x - 2. Suppose -1 = 7*f - 6*f. What is the units digit of g(f)?
4
What is the thousands digit of 107424/48 - (5 + -2 + -1)?
2
Suppose 0 = -4*r + 4*x + 1 - 13, -4*r + x = 18. What is the units digit of (76 + r)*1 - 0?
1
Let c = -17 + 10. Let o(q) be the third derivative of -q**4/12 - 4*q**3/3 - 4*q**2. What is the units digit of o(c)?
6
Suppose -5*z + 14 = 109. Let u = z - -138. What is the hundreds digit of u?
1
Suppose t + 4*t + 3581 = 2*i, -2*i + t = -3569. What is the thousands digit of i?
1
What is the tens digit of (-70 - 9)/(1 - 6/5)?
9
Let l = 134 - 93. Let u = 8 + l. What is the units digit of u?
9
Let d = -176 - -304. What is the hundreds digit of d?
1
Let y = 9 - 7. Let a(g) = -1 + 8 + 0*g + y*g. What is the units digit of a(-3)?
1
Let c(j) = 1 - 3*j**3 + 0*j**3 + 4*j**3. Let y = 16 + -14. What is the units digit of c(y)?
9
Let d(m) = -2*m**3 - 6*m**2 - 3*m + 6. Let u be 222/(-54) - 2/(-18). What is the tens digit of d(u)?
5
Let j(v) = -v**2 - 7*v + 14. Let s be j(-8). What is the hundreds digit of ((-28)/21)/(s/(-729))?
1
Let x = 301 - -121. What is the tens digit of x?
2
Let k = 7 + -2. Suppose 4 + 12 = 5*l + 4*a, 0 = -5*a - k. Suppose 2*n - 25 = -5*o, l*n + o + 0*o - 95 = 0. What is the tens digit of n?
2
Let i(f) = -18*f - 13. Let z be i(-1). Suppose -2*c = -c - 3. Suppose -2*v + 4*j = c*v - 80, -z*v + j = -80. What is the tens digit of v?
1
Let x(z) = 10*z + 5. Let l be x(8). Suppose 0 = 3*k - 20 - l. What is the tens digit of k?
3
Suppose -5*a + 36 = -3*a. What is the units digit of a/(-135) - 932/(-15)?
2
Let c(f) = 32*f**2 + 4*f - 23. What is the units digit of c(4)?
5
Let v(m) = -m**3 + 12*m**2 + m - 17. Let h be v(12). Let o(n) = -n**3 - n**2 + 8*n + 5. What is the units digit of o(h)?
5
Let s(r) = -r**2 - 10*r - 4. Let l(b) = -b**2 - 5*b + 10. Let v = -8 - -1. Let z be l(v). What is the units digit of s(z)?
0
Suppose -2084 = -c + 5*c. Let q = 2216 + c. What is the units digit of 6/27 - q/(-27)?
3
Suppose -3*h + 9 = -0, -5*h + 45 = 5*v. Suppose 5*f = 3*g - 39, -g + 2*f = -2*f - v. What is the units digit of g?
8
Suppose -5*k + 4*k - 23 = 0. Let f = k - -20. What is the tens digit of 1 + -1 + 48 + f?
4
Let y be ((-2)/(-4)*0)/2 - -1. What is the tens digit of (-1250)/(-35) - (-4)/14*y?
3
Let a = -835 - -1767. What is the tens digit of a?
3
Let f be ((3 - 3) + 3)*5. Let q be 6/f + (-54)/(-15). Suppose q*z = 3*i - 1, 0 = 3*i + i + 2*z - 38. What is the units digit of i?
7
What is the hundreds digit of (-2)/21*7*(-1228 + -2)?
8
Suppose -110*o + 109*o = 4*p - 16905, 3*p - 5*o - 12650 = 0. What is the tens digit of p?
2
Suppose 4*l = r - 21, -l = -3*r - 5*l - 1. Suppose r*t - 210 = 255. What is the tens digit of t?
9
Suppose 0 = -6*m + 3*m + 6. Let i be ((0/m)/1)/(-1). What is the units digit of (20 + i)*(-6)/(-8)?
5
What is the units digit of 321*